k and n.
10
Let n be (-40)/((20/8)/(-5)). Let y be (216/6)/((-6)/(-40)). Calculate the greatest common factor of n and y.
80
Let q(a) = -4*a**3 - 3*a**2 - 2*a - 20. Let v be q(-4). Let o be ((-320)/(-48))/5 - (-328)/6. Calculate the greatest common divisor of o and v.
28
Let q be 13/((-715)/(-210)) + 8/44. Suppose -5*m = 6*j - 3*j - 62, 4*j = -q. Calculate the greatest common factor of m and 273.
13
Suppose -13*h + 3267 = -1543. Calculate the greatest common divisor of 40 and h.
10
Let g(i) = -i**3 + i**2 + 4*i - 3. Let w be g(2). Let d = 222 + -223. Let j be 4 + d*28/8*-2. Calculate the highest common divisor of j and w.
1
Suppose 16 = 4*i - 0*i. Let m(t) = t**2 + 31 + 26 + 30*t + 50*t - 65*t. Let x be m(-7). What is the highest common factor of x and i?
1
Let a be (-3)/2*(4 + 230/(-15)). Suppose -a*v - 8 = -19*v. Calculate the greatest common factor of v and 12.
4
Let n be (0 - 154/4)*-4. Suppose 4*g = 2*o + 18, 0 = 4*g + 5*o - 48 + 9. Suppose -g*u + 33 = -99. What is the highest common factor of u and n?
22
Let t = -454 - -454. Suppose t = -7*b + 4334 + 496. What is the highest common divisor of b and 46?
46
Let v be (-148)/(-14) + ((-440)/(-77))/(-10). What is the greatest common factor of v and 18?
2
Suppose 194 = 142*m - 140*m - 5*r, 0 = -3*m - 6*r + 372. What is the greatest common divisor of m and 7168?
112
Let n = 7 + 5. Suppose 0*m = m - n. Suppose -20*u + 1766 + 3514 = 35*u. Calculate the greatest common factor of m and u.
12
Let a(o) = 53*o + 5727. Let f be a(-104). Let u = 33 - -53. Calculate the greatest common factor of f and u.
43
Suppose 57*o = -4*n + 53*o + 2172, n - 540 = -2*o. Let p = n - 372. What is the greatest common factor of p and 6?
6
Let g be -4 - -818 - (-15)/12*4. What is the highest common factor of 6 and g?
3
Suppose 0*u = 2*u - 4*k - 226, 5*k - 400 = -4*u. Suppose 2*x - 33 + 3 = 0. What is the greatest common divisor of u and x?
15
Let z be (-804 + (-4 + 12 - 15 - -1))/(-1). What is the highest common divisor of 144 and z?
18
Suppose -555 = -5*j + 4*j + 3*u, 5*j - 2811 = -3*u. Calculate the highest common divisor of j and 204.
51
Suppose -845*b = -853*b. Let u be (4/3)/(2/(-57)). Let a be (b + -1)*3*(7 + u). Calculate the greatest common divisor of 31 and a.
31
Suppose -4*v + 53 = -315. Suppose 0*m = 6*m - 576. Let y = m - v. What is the highest common divisor of y and 8?
4
Let a = 404 - 229. Suppose 60*b = 64*b + m - a, -5*b = -m - 230. Calculate the greatest common divisor of b and 255.
15
Suppose 3 - 3 = -2*h. Suppose h*a + r - 4 = 2*a, 4*r - 16 = 4*a. Suppose a = -3*x - w + 34, -6 = -2*w + 2. What is the greatest common factor of x and 110?
10
Suppose -164 = 20*s - 24*s. Let f = s - 28. Suppose 1 + 3 = g, f = d + g. Calculate the highest common factor of 45 and d.
9
Let t = -16291 + 16416. What is the greatest common divisor of t and 240?
5
Let d be (1/2)/(1/(-2)). Let k be ((-12)/d)/(-3) - -53. Suppose 270 = -3*p + 312. What is the highest common divisor of k and p?
7
Let r(w) = -2*w**2 - 18*w - 3. Let b be r(-3). Suppose 0 = 68*u - b*u - 2030. Calculate the greatest common divisor of u and 6.
2
Let f(g) = g**3 - 11*g**2 - 13*g + 42. Let h(b) = b. Let q(i) = -f(i) + 4*h(i). Let s be q(12). Calculate the greatest common factor of 297 and s.
9
Suppose 0 = -4*d + 16, -i = -0*i - 4*d + 14. Suppose -7*h = -i*h - 5. Suppose 0 = 2*m - 12*m + 70. What is the highest common factor of h and m?
1
Let x = 5207 - 4159. Calculate the greatest common factor of x and 24.
8
Let h be -1 - 13*(-5 - -4). Let q be 93/h - 9/(-36). Let y = -6 - -14. Calculate the greatest common factor of y and q.
8
Let a be (9 + -12 - -11) + 32. Let u be (-36)/(-10) - (-4)/10. Suppose u*k - 2 + 6 = 0, 5*k = l - 9. What is the highest common divisor of a and l?
4
Let g be (1 - 0)*114 + -4. Suppose 0 = -20*t + 3*t + 2754. Let s = t - 152. Calculate the highest common divisor of s and g.
10
Let g = -43 - -50. Suppose 3*m + 2*m + f = g, -m = -f + 1. Suppose 5*p = 2*v + 25, 9*p = 5*p - 2*v + 20. Calculate the highest common divisor of m and p.
1
Let w be (1629/(-26) - (-34)/221)*2. Let q = w - -153. Calculate the highest common factor of q and 7.
7
Let p = -107 - -167. Let y be (-2638)/(-8) - (-7 - -32)/(-100). Calculate the highest common factor of y and p.
30
Let b(l) = -2*l**3 - 12*l**2 - 28*l - 17. Let u be b(-3). What is the greatest common divisor of 1898 and u?
13
Let n(p) = -46*p + 1. Let h(v) = -91*v + 3. Let q(l) = -2*h(l) + 5*n(l). Let s be q(-2). Calculate the highest common factor of 114 and s.
19
Let p be (-1 - 2)/(2 + (-470)/220). Suppose p = 4*d + 10, -v - 3*d = -39. What is the greatest common divisor of v and 50?
10
Let y = 257 + -251. Let i be (58 + -6)/(4/y). What is the greatest common factor of 273 and i?
39
Suppose 6 = 5*f - 4. Let s be (-2 + -2)*140/(-16). Suppose -u + s = 5*y, -5*u - 3*y = f*y - 75. Calculate the highest common divisor of u and 110.
10
Let p be (-8)/44 - 277*4/(-44). Suppose -21*r = -57*r + 900. What is the highest common divisor of p and r?
25
Suppose -k - 4*f = -68, -k - 2*k + f + 152 = 0. Suppose k - 228 = -4*o. Let r = -11 + 77. What is the greatest common divisor of r and o?
22
Let q be 9 + (-5 - -1) - 3. Suppose -2*b - 13 = 2*h + b, -2 = -2*h + q*b. Let d be 5 + -3 + h - -4. Calculate the highest common divisor of d and 4.
4
Suppose 0 = -1313*b + 1218*b + 1794170. What is the highest common divisor of 42 and b?
14
Let c be -10 + 7 + 996/((-4)/1). Let h = 270 + c. What is the highest common divisor of h and 150?
6
Suppose 5*v - 3*v = 20. Suppose -v*o + 1408 = o. Suppose 4*g - o = -s, -2*s + 20 + 5 = g. Calculate the highest common factor of 22 and g.
11
Let y = 9 - 6. Suppose 5*p - y = 4*p. Suppose -p*f + 618 = -12. Calculate the greatest common factor of 84 and f.
42
Let u(a) = 29*a - 3. Let k be u(0). Let j be (-2)/(64/(-20) - k). What is the highest common divisor of j and 3?
1
Let y = 113 + 243. Suppose 20*b - y = 304. Suppose a - 5*a = -132. Calculate the greatest common factor of a and b.
33
Suppose -3*p - 24 - 12 = -m, -5*m - 4*p + 275 = 0. Calculate the highest common factor of 1173 and m.
51
Let g(r) = -r**3 - 7*r**2 + 2*r - 43. Let i be g(-8). Suppose 0 = 2*d - 3*y - 516, -9*y - 1300 = -i*d - 4*y. Calculate the highest common divisor of d and 24.
24
Let q = 4887 - 4629. What is the greatest common factor of q and 150?
6
Let m(d) = 6 + 2*d**2 - 6 + 2 + 19*d - 6. Let b be m(-12). What is the greatest common divisor of 84 and b?
28
Suppose -5*p + 576 = 3*x - x, 4*x = 12. What is the greatest common divisor of 969 and p?
57
Let z(g) = 19*g - 134. Let f be z(8). Let q(c) = 8*c**3 - 2*c**2 + 2*c - 1. Let k be q(1). Let l = k - 1. Calculate the highest common divisor of l and f.
6
Suppose 728*t - 726*t + 2*d = 572, -2*t + 3*d + 542 = 0. What is the greatest common divisor of t and 4165?
35
Suppose o = 2*o + 5*c + 12, -5*c = 3*o + 6. Suppose -2*q - o = b - 27, -3*b - q = -72. Calculate the highest common divisor of b and 6.
6
Let t = 879 + -459. Suppose -9*n = 12*n - t. Calculate the highest common factor of 20 and n.
20
Suppose 14*k = 1129 - 93. Suppose k - 209 = -5*c. Let h = -18 + 45. What is the greatest common divisor of h and c?
27
Suppose 0 = 28*k - 6966 + 1478. Calculate the greatest common divisor of k and 1204.
28
Let k(r) = 58*r**2 - 8*r - 127. Let a be k(-7). Calculate the greatest common divisor of 978 and a.
163
Suppose m = 5*y - 3451, 4*m - 1941 + 543 = -2*y. Let s = y - 686. Calculate the highest common divisor of s and 545.
5
Let l(s) = -s**3 - 5*s + 42. Let m be l(4). Let b be (2/4 + (-4599)/m)/2. Calculate the greatest common divisor of b and 550.
55
Let g(x) = 15*x - 116. Let i be g(10). Suppose 2*r + 168 = c, 32*c + 339 = i*c - 5*r. What is the highest common divisor of 18 and c?
18
Let x be 3 - 0/2 - -97. Suppose -50 = -6*r - 230. Let u = x + r. What is the greatest common factor of u and 14?
14
Let f = -408 - 61. Let g be 1*(-6 + 0 - -5)*f. Calculate the greatest common factor of 67 and g.
67
Suppose -2*y + 324 = -7*d + 11*d, 0 = -2*d - 5*y + 170. What is the highest common divisor of d and 1730?
10
Suppose -2*a = -11*a + 1395. Suppose 14*l - a - 153 = 0. Calculate the highest common factor of l and 77.
11
Let i(x) = -x**3 + 21*x**2 - 64*x + 1035. Let s be i(15). Calculate 